st common factor of y and 3?
3
Let t = 67888 - 67873. Let q(k) = 8*k**3 - 5*k**2 + 2*k. Let n be q(5). What is the highest common factor of n and t?
15
Let i be (3/(-15) + (-286)/520)*-4. Calculate the greatest common divisor of 210 and i.
3
Let r be (-6)/4*8/(-6). Let o(f) = 20*f + 354. Let q be o(-21). Let b be (-2)/11 + (-276)/q. Calculate the greatest common divisor of r and b.
2
Let x(l) = l + 3. Let o be x(-8). Let f be 288/30 + (-2)/o. What is the highest common divisor of 90 and f?
10
Suppose 4*d = -0*d + 192. Let h be (6 - 4)*22*(-15)/(-6). Let a = 230 - h. What is the highest common factor of d and a?
24
Suppose 3*h = -16*s + 11*s + 315, 2*s - 525 = -5*h. What is the highest common divisor of 168 and h?
21
Suppose -d + 4750 = 3*k, -292*d + 296*d = 16. What is the greatest common factor of k and 28?
14
Suppose 0 = -2*k, 25 = 5*c - 3*k - k. Suppose 5*h + c - 15 = 0. Let i = 35722 - 35704. Calculate the highest common factor of h and i.
2
Suppose -26*u + 11*u - 19*u + 339014 = 0. What is the greatest common factor of 177 and u?
59
Suppose 765 = -2*c + 993 + 2112. Calculate the greatest common divisor of 182 and c.
26
Suppose -3*g + 8*g - 699 = -3*n, -4*g + 3*n = -543. Suppose -3*b = -5*r, -b = 3*r - 3*b. Let z = r + 23. Calculate the highest common factor of g and z.
23
Let d(u) = 5*u**3 - 22*u**2 + 29*u + 74. Let z be d(10). What is the greatest common divisor of 28 and z?
28
Suppose 11*t = -102 - 74. Let m be (-117)/36 - 2/t*2. Let l be (m - (-7)/3) + (-392)/(-12). What is the greatest common factor of l and 80?
16
Let f(v) = 3*v - 45. Let r(l) = -l**2 - 3*l + 51. Let p be r(-7). Let g be f(p). What is the highest common factor of 132 and g?
12
Let s(z) = 87*z - 4. Let j be s(6). Let c be ((-403)/1209)/(-1 + 23/24) - 1. What is the highest common divisor of j and c?
7
Suppose 5*s + 155 = -90. Suppose 30*u - 4092 = 63*u. Let g = s - u. Calculate the greatest common divisor of 50 and g.
25
Suppose 62*k = 19291 + 16359. What is the greatest common factor of 425 and k?
25
Let b(j) = 65*j - 96. Let l be b(3). Calculate the highest common factor of 261 and l.
9
Let w be 3/(2 + -1) - 1. Suppose 0 = -3*d - 3*r + 285, -w*r - 392 = 3*d - 7*d. Let a = d - 91. Calculate the highest common factor of 2 and a.
2
Suppose i - 7 = -14. Let q(y) = -y**3 - 9*y**2 - 17*y - 5. Let j be q(i). Calculate the greatest common factor of 208 and j.
16
Suppose 3*s - 10 = -t, t - 14 + 6 = -s. Let z(n) = 2*n + 1. Let g be z(t). Let x be ((-12)/(-2))/1*21/42 + 3. What is the greatest common factor of g and x?
3
Let h be 1/(-3) - 1505/(-15). Let x = 134 - 132. Suppose 0 = -5*b + 4*j + 309, -j - 26 = -x*b + h. Calculate the greatest common factor of 13 and b.
13
Let r = -837 - -4443. Suppose 2159 = 3*b + 4*t, -6*t - r = -5*b - 5*t. What is the highest common divisor of 206 and b?
103
Suppose -5*i - 30 = -3*g, -4*g - 6 = -5*i - 46. Suppose 14*f - 2*d - 54 = g*f, 25 = -5*d. What is the highest common factor of 22 and f?
11
Suppose 7*a - 19*a + 2880 = 0. Suppose -4*h - 11*h + a = 0. Calculate the highest common factor of 20 and h.
4
Let q = 7 + -5. Suppose -5*b = -5*i + 60, -q*b = 3*b + 15. Let v be (-4 - -12)/8*(-1 - -2). Calculate the highest common divisor of i and v.
1
Suppose -4*s + 872 + 668 = a, -3*s + 4*a = -1155. Calculate the greatest common divisor of 490 and s.
35
Let s = -120 - -129. Let i(x) = 10*x - 8*x + 4 + s*x + 9*x. Let l be i(3). Calculate the greatest common divisor of 160 and l.
32
Let p(a) = 62*a - 15. Suppose 5*u - 5 = -5*k, -k = 4*u - 0*u + 5. Let i be p(k). Let g be (-21 + 2)*(-2 + 1). What is the highest common divisor of g and i?
19
Let v(x) = 3*x + 3. Let w be v(1). Suppose 24 = w*r - 2*r. What is the greatest common factor of r and 27?
3
Suppose 364 = -j - 179. Let v = 554 + j. Calculate the greatest common divisor of v and 869.
11
Suppose 0 = -32*g + 2406 + 7994. What is the greatest common factor of g and 15?
5
Let c be (-8)/36 - 16592/(-306). What is the greatest common factor of 306 and c?
18
Suppose -c - 30 = -34. Suppose -o + 2*t = -41, -2*o + c*t = 6*t - 58. What is the highest common divisor of o and 66?
33
Let w(u) = 34*u + 2. Let v be w(10). Suppose 5*j - 3*o - o - 364 = 0, 0 = -j - 3*o + 88. Calculate the greatest common divisor of v and j.
38
Suppose 0 = -3*s + 22*s - 1254. Let r = s - 27. What is the highest common divisor of r and 507?
39
Let t be -11 - (-10 - -1 - 552). Calculate the greatest common divisor of t and 66.
22
Suppose 3*p - 1778 = -k, 1944*p = -k + 1939*p + 1790. What is the greatest common divisor of k and 192?
32
Suppose 12 = -4*n, t - 112 - 116 = 4*n. Calculate the highest common divisor of t and 3528.
72
Let c = -3707 - -3740. What is the highest common factor of 66 and c?
33
Suppose 23*s = -4275 + 12831. Let b = 426 - s. Calculate the greatest common divisor of 90 and b.
18
Let c(t) = -t**2 - 26*t + 18. Let g be c(-26). Suppose 0 = 11*k - g*k + 2464. Calculate the greatest common factor of k and 44.
44
Suppose -23 = -t + 3*u, 8*t = 9*t + 5*u - 23. Suppose 4*f + 333 = 5*r - 135, 0 = -3*f - 6. Calculate the greatest common divisor of t and r.
23
Suppose 13*r - 370 = 1463. Let g = 5 - 9. Let y be (-3 + (-70)/8)*g. What is the greatest common divisor of y and r?
47
Let m = 198 + -197. Suppose 16*w - 90 = -2*w. Calculate the greatest common divisor of w and m.
1
Let x(u) = -u**2 + 14*u - 12. Let s be x(-12). Let k = 344 + s. What is the highest common factor of 540 and k?
20
Let k(p) = -p**2 - 2*p + 151. Let f be k(0). Let r = f + -81. Let u be 417/15 + (-1)/(-5). Calculate the greatest common factor of u and r.
14
Let c be -1 + -3 - (-8)/2. Suppose 5*t + c*t - 3*z = 54, -z = 3*t - 24. Let h(s) = 7*s + 4. Let q be h(11). What is the highest common factor of q and t?
9
Suppose -102*k + 158302 = 10762 - 25860. Calculate the greatest common divisor of 40 and k.
20
Let o(b) = 444*b + 2473. Let c be o(-5). Calculate the greatest common divisor of 154 and c.
11
Let v(m) = -4*m - 82. Let z be v(-23). What is the highest common factor of 316 and z?
2
Let y be 4*1 + 12/(180/(-75)). Let n(h) = -53*h**3 + 3*h + 3. Let s be n(y). What is the greatest common factor of s and 1?
1
Let b = 0 - 3. Let v = b - -11. Let o = -272 - -276. What is the greatest common divisor of v and o?
4
Let o(d) = -165*d - 26879. Let r be o(-163). Suppose 34 = 4*n - 3422. What is the greatest common divisor of n and r?
16
Let w(z) = 3*z**3 - 3*z + 3. Let c(n) = -2 - 2*n - 2 + 44. Let v be c(19). Let i be w(v). What is the highest common factor of 105 and i?
21
Let y = -268 + 259. Let x be (-11)/(4 + -3)*y. Calculate the highest common factor of 9 and x.
9
Let n = -11255 + 11271. Suppose 2*o = 4*l + 40, 44 = 5*o + 5*l - 26. Calculate the greatest common factor of n and o.
16
Let o be (32/10)/(7/((-210)/(-12))). Let i(k) = 8*k**2 + 5. Let b be i(2). Suppose b = -3*h + 301. Calculate the greatest common divisor of o and h.
8
Let n(i) = -11*i**3 - 3*i**2 + 5*i + 10. Let r be n(-2). Let g be ((-5 - -4)/(-2))/(1/r). Let l = g - 27. Calculate the highest common divisor of 11 and l.
11
Let m(o) = -o**2 + o + 3. Let v be m(0). Suppose -v*j - 4 + 22 = 0. Suppose 4*l - 30 - j = 0. What is the greatest common divisor of l and 81?
9
Let x = -136158 - -136838. Suppose -4*a - 5*h + 156 = 0, 2*a + 106 = 5*a + h. What is the greatest common divisor of a and x?
34
Suppose 0 = 2*n - 1 - 3. Suppose n*o + 702 = 5*o. Suppose -25*m = -22*m + y - 85, 2*m - 4*y - 24 = 0. What is the greatest common factor of o and m?
26
Let b = 5484 - -847. Calculate the greatest common divisor of 13 and b.
13
Let i(y) = 2*y**2 - 23*y + 73. Let q be i(3). Calculate the greatest common factor of 143 and q.
11
Let i(u) = 59*u**2 - 1412*u - 4238. Let x be i(-3). Calculate the greatest common factor of 736 and x.
23
Suppose 0 = -3*u + 3*v + 141, -u = -2*v - 53 + 1. Suppose 4*f - 62 = -s + 2*f, 25 = 5*f. Let m = s + -46. What is the greatest common divisor of u and m?
6
Let v(w) = w**2 - 8*w - 31. Let n be v(11). Suppose 4*s - 202 = -n*p, -4*p - p + 499 = 4*s. What is the greatest common divisor of 55 and p?
11
Let i(g) = g + 32. Let a be i(-13). Let w = -2890 - -3061. Calculate the highest common factor of a and w.
19
Suppose 6 + 44 = -10*n. Let c = n + 63. What is the highest common divisor